 y(a) = -11*d(a) - 2*f(a). Give y(8).
-6
Suppose 3*a + 0*r - 21 = 3*r, -3*r - 31 = -4*a. Let t = a - 7. Let y(h) = h**2 + h**t + 0*h**2 + 6 - 5*h**2 - 7*h. Calculate y(5).
-4
Let w be 1 - 1 - (7 - -1). Let n = w + 4. Let x(y) = -3*y - 4*y**2 - 6 + y**3 + 3*y**3 - 5*y**3. Give x(n).
6
Let v(i) = i**2 - i - 1. Let w = -1 + -1. Let y(x) = -x**2 - x + 1. Let p be y(w). What is v(p)?
1
Let q(o) = -7*o**3 - 9*o**2 - 19*o - 5. Let m(t) = -10*t**3 - 14*t**2 - 28*t - 7. Let i(z) = 5*m(z) - 7*q(z). Suppose -9 = 6*b + 27. What is i(b)?
6
Let a(m) be the second derivative of m**3 - 13*m. Suppose -4*b - 4 + 0 = 0. What is a(b)?
-6
Let l(t) be the second derivative of -t**3/6 + 2*t**2 + t. Let y be 2*((-1 - 0) + -1). Give l(y).
8
Let s(t) = -2*t**3 + t**2 + t**3 + 4 + 4*t**2 + 6*t. Suppose 4*l = -u + 5*l, 2*l - 18 = -4*u. Suppose 3*i - 24 = 2*c, -u*i + 3*c + 15 = -2*i. Calculate s(i).
4
Let q(f) = 5*f**2 - 5*f - 16. Let z(x) = 6*x + 1. Let p be z(1). Let d(h) = -2*h**2 + 2*h + 8. Let r = 22 - 19. Let t(v) = p*d(v) + r*q(v). Determine t(0).
8
Let z(j) = 4*j**2 - 1. Let b(a) = -5*a**2. Let h(x) = -3*b(x) - 4*z(x). Suppose 0 = -2*w - 0*w + 2*d + 10, 0 = 5*w - 3*d - 15. Calculate h(w).
4
Let v(r) = 33 - 20 - 3*r - 15 - r**2. Suppose 3 = -5*q - 7. Calculate v(q).
0
Let d be (2 - 2) + -9 + 11. Let q(u) = -u**2 - 1 + 2*u + 0*u**3 - u**d + 0*u**3 - u**3. Determine q(-3).
2
Let d(c) = -c**2 - 6*c + 6. Let x(h) = 1. Let j(r) = -d(r) - 2*x(r). Let b be 10/(-2) + (-1)/1. Give j(b).
-8
Suppose -21*t = -19*t - 4. Let l(i) = 2*i**3 - 3*i**2 + 3*i - 2. What is l(t)?
8
Let u(d) = -2*d - 1. Let b = -4 + 6. Suppose 3*c + 5 = b*c. Give u(c).
9
Suppose -2*f + 7 - 5 = 0. Let j(l) = 3*l - 3*l - l + 2*l**3 - f. Calculate j(-1).
-2
Let u = 7 + -11. Let d(r) = 11*r**2 + 17*r - 14. Let l(a) = -8*a**2 - 11*a + 0*a**2 + a**2 + 9. Let z(c) = 5*d(c) + 8*l(c). Calculate z(u).
-2
Suppose 0 - 8 = -2*f - 2*u, 4*f = -2*u + 22. Let t(j) = j**2 - 6*j - 7. Determine t(f).
0
Let u be 1/(-3*2/(-42)). Let w(t) = t**2 - 8*t + 1. Give w(u).
-6
Let i(f) be the second derivative of f**4/24 - 5*f**3/6 - f**2/2 - f. Let a(p) be the first derivative of i(p). Suppose -6*o = -2*o - 20. Give a(o).
0
Let d(c) = 1. Let i(a) = -a**2 - 8. Let w(s) = -3*d(s) - i(s). Calculate w(0).
5
Let c(p) = -p**2 + 0*p + p - 2 + 3*p**2 + 0*p. Determine c(2).
8
Let r(u) = 6 - 1 - 2 - 4*u - 7 - u**2. Determine r(-5).
-9
Let t(x) = -4*x**3 + 2*x**3 - 4 + 3*x**3 - 2*x**2 + 6 - 3*x. Determine t(3).
2
Let h be (-2)/(-5) - (-22)/(-5). Let a(c) = c**2 - 6*c. Let x(p) be the first derivative of p**3/3 - 3*p**2 + 11. Let g(t) = h*x(t) + 3*a(t). Give g(6).
0
Let a(s) = -s**2 - 4*s + 4. Let t be (-1 - -2)/(2 + 9/(-4)). What is a(t)?
4
Let x(v) be the second derivative of v**5/20 + v**4/12 + v**3/6 - 2*v. Let m = 14 + -8. Let h = m - 6. Calculate x(h).
0
Let z(d) = d**3 + 11*d**2 - 13*d - 13. Suppose 0 = 3*w + 31 + 5. Determine z(w).
-1
Let k(b) be the third derivative of -b**5/60 + b**4/24 + b**3/3 + b**2. Let s(m) = m - 6. Suppose -2*i = -11 - 1. Let w be s(i). Determine k(w).
2
Suppose 4*a - p = -0*a - 11, 2*p = a - 6. Let o = a + 4. Let d(t) = -3*t**2 + 4. Let v(b) = b**2 - 2. Let z(m) = 2*d(m) + 5*v(m). Calculate z(o).
-2
Let v(d) = 0*d**2 + 4 - d**3 + 0*d**2 + 5*d**2. Suppose m - 5 = -2*y, -2*y + 10 = 2*m + y. Give v(m).
4
Let o(z) = z**2 - 10*z. Let v be o(10). Let f(b) = -1 + v + 0 - b. Let y(c) = c + 1. Let d(l) = -4*f(l) - 3*y(l). What is d(-2)?
-1
Suppose 0 = 4*d + d + 20. Let p(c) be the third derivative of -c**6/120 - c**5/12 - c**4/24 - 41*c**2. What is p(d)?
-12
Let q = 108 + -111. Let l(j) = j**3 + 2*j**2 - 3*j + 4. Give l(q).
4
Let r be (7 - 2) + (-2 - -2). Suppose -r - 4 = -3*l. Let v(j) = -6*j + 3. Give v(l).
-15
Let k(l) = l**2 + 5*l + 1. Let i be k(-4). Let x(q) = 4*q**2 + q**3 - 1 - 7*q**2 - 3*q**3 + q**3. What is x(i)?
-1
Let y(u) be the third derivative of u**4/24 + u**3/2 + u**2. Let n be 3 + (-3)/((-6)/(-14)). Determine y(n).
-1
Let o be (-1)/6 - (-140)/(-24). Let i(s) = s**3 + 7*s**2 + 7*s + 2. What is i(o)?
-4
Suppose 3*z = 7*z - 8. Let w be 6/9*9/2. Let f(d) = -3*d**3 + 4*d**3 + 2*d - 2*d**w - d**2. What is f(z)?
-8
Suppose 0 = -k - 5*v - 18, -2*k - 2*v + 7 = 3. Let b(m) = -m**3 + 7*m**2 - 2*m + 2. Determine b(k).
-12
Suppose -4*f = -3*f + 6. Let x(c) = 3*c**2 - 11*c + 1. Let z(d) = 2*d**2 - 10*d + 1. Let i(g) = -3*x(g) + 4*z(g). Give i(f).
7
Let l(q) = q**3 + q**2 + q + 1. Let n(a) be the third derivative of a**6/60 - a**5/30 - a**4/24 + 5*a**3/6 - 2*a**2. Let t(r) = l(r) - n(r). Give t(4).
-12
Let b(d) be the second derivative of -d**3/6 - 3*d**2 - 4*d. Suppose -5*s - 27 = -2. Calculate b(s).
-1
Suppose 2*c - 5*b + 6 = 0, -15 = 5*c + 3*b + 2*b. Let g(k) = -3*k - 3. What is g(c)?
6
Let j(z) = -z**3 - 7*z**2 + 8*z + 5. Let o be j(-8). Let r(y) = -2 + 4*y - o*y + 2*y + 5. Calculate r(0).
3
Let k(j) = -j**2 - 3*j. Let n(f) = 3*f**2 + 18*f + 8. Let s(r) = -r**2 - 6*r - 3. Let h(o) = -6*n(o) - 17*s(o). Let x be h(-7). What is k(x)?
-4
Let i(u) be the first derivative of u**5/120 + u**4/8 + 2*u**3/3 - 2. Let s(h) be the third derivative of i(h). What is s(3)?
6
Let r(f) = -f**2 + 9*f - 10. Let h be r(8). Let z be (10/4)/(2/4). Let j(u) = 1 - 1 - u + z - 3. Give j(h).
4
Suppose 4*n + m - 11 = 0, 4*n - 2*m = -4*m + 10. Let u(l) = l**3 - 3*l**2 + 2*l + 2. Calculate u(n).
8
Let q(f) = -5*f - 1. Let c(b) = -3*b + 0*b + 13 + b. Let v be c(8). Give q(v).
14
Let k(w) = w**3 - w - 1. Let b(n) = 6*n**3 - 5*n - 4. Let j(f) = 2*b(f) - 11*k(f). Let h be ((-1)/1 - -6) + -2. Suppose h*d = d. Calculate j(d).
3
Let i = 0 - -2. Let s(v) = 3 - 8 - 5*v + i*v + 5*v. What is s(5)?
5
Let f(q) = q**3 - q**2 - 4*q + 3. Let o be f(2). Let p(r) = -6*r - 1. Calculate p(o).
5
Let r = -12 - -7. Let v(u) = 2*u + 5. Let l(d) = 5*d + 11. Suppose 2*m + 0 = -14. Let c(i) = m*v(i) + 3*l(i). What is c(r)?
-7
Let a(j) = j**2 - 6*j + 3. Let i(t) = -2*t**2 - 12*t - 9. Let u be i(-4). Give a(u).
10
Let h(r) = -9*r**3 + 11*r**2 - 2*r. Let k(u) be the second derivative of -u**5/4 + u**4/2 - u**3/6 - 3*u. Let q(f) = 6*h(f) - 11*k(f). Give q(1).
0
Let o(a) = -a - 2. Let b = -18 - -12. Determine o(b).
4
Let b(h) = 2 - h**2 - 10*h + 18*h - 11*h. Let i = -4 - -6. What is b(i)?
-8
Let y be (2 - -2 - 3)*3. Let k(p) = -p + 2 + 3 + 2 - y. Determine k(-5).
9
Suppose i = 4*u - i + 22, 3*u + 9 = -i. Let k(n) be the third derivative of -n**5/60 - n**4/8 + n**3/3 + n**2. Give k(u).
-2
Suppose -4*x = 3*f + 2*f + 13, 5*x = 3*f - 7. Let g(j) = -2*j**3 + 2*j + 1. Let w be g(f). Let h(q) = 51*q - 104*q + 52*q. Give h(w).
-1
Let r be ((-38)/4 - -6) + 4. Let y(o) be the second derivative of r*o**2 + 0*o**3 + o + 0 - 1/12*o**4. What is y(1)?
0
Let y(o) be the second derivative of 1/6*o**3 - 1/12*o**5 + 1/2*o**2 - 1/6*o**4 - 1/120*o**6 + 0 + 2*o. Let g(z) be the first derivative of y(z). Give g(-4).
1
Let n(j) = -j**2 - j - 2. Let o(b) = 3*b**3. Let f be o(1). Suppose f*s + 4 = -5. Calculate n(s).
-8
Let y(x) = 2 - x - 3 + 5*x. What is y(3)?
11
Let w(t) = t**3 + 19*t + 4 + 16*t + 5*t**2 - 31*t. What is w(-3)?
10
Let j(b) be the second derivative of -b**4/12 - b**3/2 - b**2 - 18*b. Calculate j(-3).
-2
Let m = -27 + 27. Let s(t) be the third derivative of -1/24*t**4 + m*t**3 - 3*t**2 - 1/120*t**6 + 0*t + 0 + 1/30*t**5. Determine s(2).
-2
Suppose 2*n - 1 = 7. Let q(t) = -t**3 + 4*t**2 - 2*t + 6. Calculate q(n).
-2
Suppose 0 = k + 2*n - 2, 0 = -4*k + 2*n - 23 + 1. Let a(m) be the third derivative of -m**5/60 - m**4/12 + m**3/3 - 7*m**2. What is a(k)?
-6
Let r(d) = d - 3. Let y(x) = x - 4. Let a(l) = 6*r(l) - 5*y(l). Let f(c) = c**3 - 4*c**2 + 5*c. Let w be f(4). Suppose -u + 5*u - w = 0. Give a(u).
7
Let k(f) = 4*f - 3*f + 128*f**2 - 130*f**2 - 2. What is k(-3)?
-23
Let b be (2/(-3))/(12/126). Let t be 0 - -1 - (9 + b). Let v(l) be the first derivative of l**3/3 + l**2/2 - l + 1. Determine v(t).
-1
Let r(h) = -h**2 - 8*h - 2. Let w be r(-7). Let q = w - 2. Let j(o) = o + 1. Determine j(q).
4
Let f(p) be the first derivative of -3*p**2/2 + 2*p - 1. Suppose 0 = 39*t - 34*t - 15. What is f(t)?
-7
Let r(w) be the second derivative of -w**4/12 + w**3 + 4*w**2 + 2*w. Determine r(6).
8
Let o(r) = -17*r**3 - r - 2. Let j be o(-1). Suppose 5*v = 4*t - t - j, 2*t + 2 = -3*v. Let f(z) = -z